f 1/3*i**3 + 1/2*i**2 + 1 - 20*i. Determine c(0).
-20
Let u(y) = -2*y**2 + 331*y + 66. Let x(r) = -5*r**2 + 879*r + 199. Let s(o) = 8*u(o) - 3*x(o). What is s(13)?
-95
Suppose -2*p - 52 + 28 = 0. Let k(d) = -d**2 - 14*d - 2. Calculate k(p).
22
Let j(q) be the second derivative of q**3/6 + 10*q**2 - q - 38. Give j(-17).
3
Let q(y) be the first derivative of y**2 - 24. Let t(b) = -3*b - 1. Let u(n) = -4*q(n) - 3*t(n). Let c = -225 + 225. What is u(c)?
3
Let n(v) = -5*v + 39. Let q be n(8). Let z(w) = w**2 - 2*w. Let m(t) = -16*t**2 + 13*t. Let o(a) = -m(a) - 6*z(a). Give o(q).
11
Let k(p) be the third derivative of -3*p**4/8 + p**3/2 - p**2 - 1. Let t(a) = -38*a + 13. Let d(i) = 26*k(i) - 6*t(i). Determine d(1).
-6
Let n(r) = 2*r**2 + 78*r + 80. Suppose 2*x = -w - 32, -4*w - 106 - 58 = -4*x. Give n(w).
4
Let x(s) = -178*s + 223. Let n be x(-3). Let k(z) = -n + 754 - 2*z + 0*z. Give k(4).
-11
Suppose 4*g - 3 = 3*d, -17*g + 16*g - 3*d - 18 = 0. Let v(f) = 11*f**2 + 4*f - 2. Let p(o) = -o**2 - o + 1. Let m(k) = g*p(k) - v(k). Determine m(-1).
-8
Let u(a) = a**3 + 10*a**2 + 10*a + 12. Let o(d) = -d**3 - 10*d**2 - 11*d - 9. Let g(b) = -5*o(b) - 4*u(b). What is g(-8)?
5
Let v(q) = -3*q + 28. Suppose 4*g + 60 = 92. Let b be v(g). Let j(t) = -3*t + 4. What is j(b)?
-8
Let o(z) = 5*z**3 - z**2 - 7*z + 4. Let q(v) = 6*v**3 - 7*v + 5. Let k = 126 + -132. Let h(w) = k*q(w) + 7*o(w). What is h(-6)?
4
Let a(m) be the first derivative of m**4/24 - m**3/3 - 13*m**2 + 2. Let v(d) be the second derivative of a(d). Let i be ((-2)/8)/((-8)/96). What is v(i)?
1
Let j = -9028 + 9012. Let u(r) = r**2 + 21*r + 90. Calculate u(j).
10
Let m(n) = -n**2 + 2*n + 18. Suppose -4*h + 9*h = 5*r - 35, h - 38 = -4*r. What is m(r)?
-45
Let m(s) = 30*s**2 - 2. Let j be m(1). Suppose 0 = -5*x - 3 + j. Let z(i) be the second derivative of i**4/12 - 5*i**3/6 + 5*i**2/2 + i. Give z(x).
5
Suppose 22*k + 25 = -3*k. Let j(w) = w**2 + 1. Let p(h) = -h**2 - 1 + 0*h**2 + 0*h**2. Let y(g) = k*j(g) - 2*p(g). What is y(-1)?
2
Let y be 102/9 + (-2)/6. Let t = -5 + y. Let q(p) = -1183*p - 1184*p + 1 + p**2 + 0*p**2 - 3 + 2362*p. Give q(t).
4
Suppose -356 = 93*c - 71*c - 48. Let l(g) = -4*g**2 - 53*g - 3. What is l(c)?
-45
Let h(k) = 80*k. Let b(o) = 411*o + 43. Let z(q) = 2*b(q) - 10*h(q). Determine z(-4).
-2
Suppose -98*i + 133*i + 50 + 20 = 0. Let z(t) = 2*t - 2. What is z(i)?
-6
Let i be (-24)/32*12 - 0. Let l be (-21 - 0)*i/(15 + 12). Let d(z) = 3*z + 8. Determine d(l).
29
Let h(s) be the second derivative of s**5/20 - 11*s**4/12 + 2*s**3 - 3*s**2 - 2*s - 205. Give h(10).
14
Let q(v) = -14*v**3 + 2*v**2 + 2*v + 1. Suppose 0 = 90*d + 158*d + 248. What is q(d)?
15
Let f be 4*(-27)/144*16*-1. Let n(p) = -12*p**2 - 38*p - 22. Let c(k) = 7*k**2 + 20*k + 12. Let j(x) = -7*c(x) - 4*n(x). Calculate j(f).
4
Let b(t) = t**2 - 7*t - 4. Suppose 0 = -34*c + 33*c + 7. Let d be b(c). Let o be 6 - 2 - (-2 - (d - -3)). Let g(i) = -i**3 + 4*i**2 + 5*i - 7. What is g(o)?
-7
Let h(i) = 3*i**3 + 2*i**2 + i. Let c be h(-1). Let a(x) = 0*x - 4*x - 28 + 7*x - 2*x. Let v(u) = -3. Let w(n) = 2*a(n) - 18*v(n). Determine w(c).
-6
Let u(x) = -x**3 - 2*x**2 + 38*x + 92. Let y be u(-6). Let z(g) = 10*g - 26. Let k(p) = -3*p + 9. Let t(o) = -7*k(o) - 2*z(o). Calculate t(y).
-3
Let o(l) = 58*l - 400. Suppose 74*z - 76*z + 40 = 4*f, -2*z + 33 = 3*f. What is o(f)?
6
Let v(y) = 24*y - 245. Let d be 10*(-5 + 12/2). Calculate v(d).
-5
Let m be 1488/312 - 9/(-39). Let l(b) be the third derivative of 8*b**2 + 1/120*b**6 + 0*b - 1/2*b**3 + 0 + 1/12*b**4 + 0*b**m. Give l(2).
9
Let m(d) = -36*d**2 - d + 1. Let a(u) = -24*u + 315. Let f be a(13). Suppose -16*p - 4 = -20*p + r, 0 = 3*p - 3*r - f. Determine m(p).
-36
Let s(j) = -4521*j + 2254*j - 11 + 2259*j. Determine s(-6).
37
Let s(j) = 80*j - 316. Let a(y) = -161*y + 684. Let n(x) = -6*a(x) - 13*s(x). What is n(1)?
-70
Suppose 233 = 4*r + j, -4*r + j + 238 = 3*j. Suppose 9*w - r - 24 = 0. Suppose 29 - 2 = -w*d. Let y(q) = q**3 + 2*q**2 - 3*q - 1. Determine y(d).
-1
Let t(k) = k**3 + k**2 + k + 5. Let i(z) be the second derivative of z**5/20 + z**3/3 + 5*z**2/2 + 58*z. Let a(g) = 5*i(g) - 6*t(g). Give a(-7).
16
Let c(p) = p**3 + 12*p - 12*p - p**2 - 8. Suppose -19 + 31 = -13*r + 12. What is c(r)?
-8
Let w(n) = -n**2 + n - 13. Let q be 9/45 + 42/15 + 0. Suppose -2*k - j = q, -19*j + 15*j = -k + 12. Give w(k).
-13
Suppose z - 42 = 4*q, -q + 2*z = 7*z. Let d(c) be the first derivative of -c**2/2 - 17*c + 7. Give d(q).
-7
Let f(o) = 15*o + 12*o**2 - 32 - 2*o**2 - 2*o**2 - 9*o**2. Let z be f(13). Let c be (-190)/(-35) - z/28*-2. Let m(r) = -r**2 + 7*r - 4. Calculate m(c).
6
Let a(p) = -p**2 - 5*p - 2. Let w(d) = -2*d**2 + 19*d + 13. Let j(i) = 9*a(i) + 2*w(i). Calculate j(1).
-12
Let d = -644 - -629. Let k(q) = 5*q**3 - 4*q**2 - 11*q - 13. Let b(a) = -11*a**3 + 6*a**2 + 21*a + 25. Let h(o) = -6*b(o) - 13*k(o). Give h(d).
-11
Suppose 36 = -12*t + 10*t. Let b = -25 - t. Let p(y) = -20*y + 4. Let j(c) = 13*c - 3. Let l(r) = b*j(r) - 5*p(r). What is l(-1)?
-8
Let w(b) = -12*b + 14195 - 28476 + 14240. What is w(-4)?
7
Let o(l) = 50*l**3 + l - 3. Let h(s) = 75*s**3 + s - 4. Let x(j) = -5*h(j) + 7*o(j). Let b = -248 + 408. Let i = b + -159. Give x(i).
-24
Let c(l) = -l**2 - 7*l + 19. Suppose 5*x + 45 = -39*z + 38*z, 3*z - 3*x - 9 = 0. What is c(z)?
29
Let r(p) be the third derivative of -p**6/120 + p**5/30 + p**4/12 - p**3/3 + 132*p**2 + 10. Let t be 5 + 0 - (-1 - -2). Let q = t + -6. Determine r(q).
10
Suppose 0 = -538*z + 534*z + 800. Suppose -22*v = -2*v - z. Let i(q) be the first derivative of -q**2/2 + 5*q + 3. What is i(v)?
-5
Let y(x) = -x - 7. Let k(h) = -2*h - 14. Let c = -497 - -488. Let d(a) = c*y(a) + 4*k(a). Give d(-7).
0
Let b be (-3)/6*(-45 - -19). Suppose -3*d - d = -20, 0 = -3*r + 5*d - b. Let z(u) = 6*u + 2. Calculate z(r).
26
Let d(j) = -2*j**2 - 24. Let t = -30 - -33. Let z(u) = -u**2 - 22. Let r(g) = t*z(g) - 2*d(g). Give r(0).
-18
Let w(u) be the first derivative of -u**5/20 - u**4/24 - 76*u**2 + 22. Let p(y) be the second derivative of w(y). Determine p(3).
-30
Let p = 31 - 10. Suppose -3*c + 5*v = -p, 4*c = c + 4*v + 18. Let i(g) = -27*g**2 + 8*g**2 + 16*g**c - 3*g. Give i(-2).
-6
Let u(m) be the second derivative of -11*m - 1/6*m**3 - 1/2*m**2 + 1/24*m**4 + 0. Let c(t) be the first derivative of u(t). Determine c(1).
0
Let q(i) = -i**2 - 2*i - 2. Let r(l) = l**3 - 9*l + 7. Let j be r(3). Let t(z) = -11*z - j*z + z**3 + 0*z - 3 + 17*z**2. Let y be t(-18). What is q(y)?
-5
Let d(y) = -y**2 + 12*y + 105. Let z be ((-189)/(-84))/(1 - (-11)/(-8)). Determine d(z).
-3
Let l(y) = 2*y**3 - y**2. Let n be l(1). Let o(v) = -60059121 + 3*v - 3*v - 34*v**2 + 60059122. Determine o(n).
-33
Let c(q) = -2*q**2 + 43*q + 39. Let o be (23 + (-67)/3)*11*3. What is c(o)?
17
Let i(s) = 4*s + 4*s**3 + 5*s**2 - 4*s**3 + 2 + s**3. Let b(x) = 5*x**2 + 33*x + 51. Let c be b(-3). Determine i(c).
8
Let a(j) be the first derivative of 22 + 3*j - 1/2*j**2. Give a(11).
-8
Let u(d) = d**3 - 2*d**2 - 3*d - 2. Let g(r) = 4*r**3 - 15*r**2 - 18*r - 21. Let f(j) = g(j) - 5*u(j). Calculate f(-4).
-15
Let x(o) = 2*o**3 + o**2. Let t(a) = -a**3 + a**2 + 2. Let l be (-2)/4*-2*(-3)/(-1). Let d be t(l). Let c = 15 + d. Determine x(c).
-1
Let u(o) = 3*o + 25. Let z be u(-5). Let f(c) be the first derivative of -c**3/3 + 6*c**2 - 14*c + 408. Determine f(z).
6
Let h(t) = -7*t + 1. Let c be h(-1). Suppose 4*z - c = 5*z. Let o(x) = x**3 + 8*x**2 + 5. Determine o(z).
5
Let t(u) = u + 3. Let f(y) = -607*y**2 - 16*y + 15. Let g be f(1). Let l = g + 602. Determine t(l).
-3
Let v(w) = -w**2 + 11*w + 17. Let j(h) = -193*h + 2902. Let r be j(15). Give v(r).
45
Let t be 19 + 7 + -15 + 3. Let k be (144/63)/(-8) + 60/t. Let w(l) = -l**3 + 3*l**2 + 2*l + 1. Give w(k).
-7
Let p be ((-4)/(-8))/((-2)/(-24)). Let t(v) = -293 + 175 + 8*v + 120 - 2*v**2. Determine t(p).
-22
Let u(d) = -7*d**2 - 19*d + 15. Let b be (-4)/18 - -94*3/54. Let q(l) = 11*l**2 + 29*l - 24. Let n(c) = b*q(c) + 8*u(c). What is n(-6)?
6
Let o(r) = 25 + 25 + 2*r**3 + 9 - r - 58. Let x(i) = i**2 - 9*i + 3. Let w be x(9). Suppose -w*c + s + 6 = -2*s, -3 = 2*c + 5*s. Calculate o(c).
2
Let k(g) = 0*g**3 - 2*g**3 + 3*g**3 + 4 - 431355*g**2 + 1 + 431350*g**2. Determi